 -5*m + l + 87 = 0. Calculate the remainder when 48 is divided by m.
23
Suppose -218*s + 96*s + 6710 = 0. Calculate the remainder when s is divided by 48.
7
Let c(j) = 364*j + 39. Let o be c(3). Let s = -558 + o. What is the remainder when s is divided by 4?
1
Let q be (3 - 0)*8/(-3). Let w(s) = -2*s**2 - 18*s - 7. Let x be w(q). Let b(c) = -c + 18. Calculate the remainder when 25 is divided by b(x).
7
Suppose 214 = 15*n - 731. Suppose -105 - n = -6*k. Calculate the remainder when 79 is divided by k.
23
Suppose -7*w + 660 = 8*w. Suppose 0 = w*q - 36*q - 1104. Calculate the remainder when q is divided by 36.
30
Suppose -5*t = -l + 11273, -5*t = -63*l + 68*l - 56485. Calculate the remainder when l is divided by 16.
13
What is the remainder when -7*1701/(-91) - (2 - (-56)/(-26)) is divided by 16?
3
Let t(p) = -1259*p - 377. What is the remainder when t(-1) is divided by 68?
66
Let s = 1580 + -1409. What is the remainder when 649 is divided by s?
136
Let x = 2131 + -2053. Calculate the remainder when x is divided by 71/3 - (-1)/3.
6
Let v = -84 - -180. Let c(a) = 49*a**3 - a**2 + a. Calculate the remainder when v is divided by c(1).
47
Suppose -2*x + 11 = 3. Suppose 5*y + x*b - 9 + 169 = 0, y - 3*b + 13 = 0. Let v = y + 65. Calculate the remainder when 108 is divided by v.
34
Suppose 3*f - 182 = -2*s + 6*s, -f = -5*s - 46. Let n = 112 - f. Calculate the remainder when 133 is divided by n.
41
Let l be (830/(-6))/(2/(-12)). Calculate the remainder when ((l/(-8))/(-5))/(14/112) is divided by 38.
14
Suppose j + 2*i + 0*i - 30 = 0, 5*i = 5*j - 165. Let g = j - -92. What is the remainder when g is divided by 25?
24
What is the remainder when 496 is divided by ((-1469)/(-3) - 0) + 300/36 + -7?
5
Let j(t) = 9*t + 127. Let g be j(-14). What is the remainder when 62 is divided by (3 - 0) + 1 - (-29)/g?
29
Suppose -3*k + 4*g + 645 = 0, 689 = 5*k - 5*g - 396. Let h(j) = -j + 9. Calculate the remainder when k is divided by h(-7).
15
Suppose -45 = 4*f - 5*w, f + 2*w - 2 = -23. Let u be (-93)/f - 2/10. What is the remainder when 117 is divided by (1 + (-3)/u)/((-10)/(-480))?
21
Let k = -647 + 935. Let j = k - 173. Suppose -6*q + 101 = -j. Calculate the remainder when q is divided by 13.
10
Calculate the remainder when (-1 + -130)/((-19)/(-38) + (-25)/30) is divided by 130.
3
Suppose v + b = 352, 546*v - 547*v + 2*b + 355 = 0. What is the remainder when v is divided by 153?
47
Let j be (1/4)/(16/64) + 35. Suppose -l - 63 = -a - 27, 4*a = -2*l + 132. Suppose a*g - j*g = -50. Calculate the remainder when g is divided by 7.
4
Let y(t) = 2*t - 21. Let x be y(-5). Let d be ((-6)/8)/(x/(-248)). Let m(q) = q**3 + 7*q**2 + 2*q - 9. What is the remainder when 56 is divided by m(d)?
11
Suppose -55 - 1 = 2*d. Let w = -240 + 226. Let o = w - d. Calculate the remainder when 53 is divided by o.
11
Suppose -4844 = -2*o - x, -2*o = 4*x - 5851 + 995. Calculate the remainder when o is divided by 202.
198
Suppose -m - 7*m + 5*m = -2667. What is the remainder when m is divided by 118?
63
Suppose -375 = -3*x + 5*j, -2*j + 113 = 4*x - 387. What is the remainder when x is divided by 122?
3
Suppose -6*j = -20*j + 3136. Calculate the remainder when 4471/7 - 8*(-8)/j is divided by 40.
39
Suppose -87*o + 1785 = -2*o. What is the remainder when 121 is divided by o?
16
Let f = -490 - -484. Suppose 0 = 3*w + l - 5, -2*w - 3*l - l = 0. Calculate the remainder when -18*(f + (-85)/(-15)) is divided by w.
0
Let b(a) = -109*a + 1673. Calculate the remainder when b(14) is divided by 33.
15
Suppose -o - 960 = -25*o. What is the remainder when 152 is divided by o?
32
Suppose -9849 = 22*l - 10993. What is the remainder when 565 is divided by l?
45
Let c(z) = -104*z + 1875. Calculate the remainder when 639 is divided by c(16).
6
Let l = 6244 - 5164. What is the remainder when l is divided by 357?
9
Suppose 20794 = 10*w + 206*w + 2866. Let p(y) = 3*y**2 + 6*y - 1. What is the remainder when w is divided by p(-5)?
39
Let w(q) = 29*q - 4. Let j be w(2). Let l be ((-1)/3)/(18/j) + 91. Suppose 4*b + l = 5*b. What is the remainder when b is divided by 24?
18
Let x(r) = -r**3 + 22*r**2 + 6*r - 34. Calculate the remainder when x(18) is divided by 196.
194
Suppose -29*b - 2 = -30*b. What is the remainder when 0 - (b - -4) - -22 is divided by 14?
2
Suppose -1589*o + 1836*o - 95342 = 0. What is the remainder when 1183 is divided by o?
25
Suppose -7*b - m - 37 = -8*b, -2*b + 5*m + 68 = 0. Calculate the remainder when 544 is divided by ((-12 + 5)/(-7))/(3/b).
11
Let x = -475 - -517. Calculate the remainder when x/9*(-21)/(-2) is divided by 18.
13
Let l = -6 + 52. Suppose -60 = -g - l. Suppose 3*b = -0*b + 153. What is the remainder when b is divided by g?
9
Suppose -3*g - 3 = 0, 0 = 2*l - g - 6 + 1. Suppose -5*x - 46 = -2*j, -3*j + 2*x + 22 = -l*j. Calculate the remainder when 4 is divided by ((-2)/6)/((-6)/j).
0
Let k = -67361 - -67417. Let n = 50 + 111. Calculate the remainder when n is divided by k.
49
Let l(v) = -3*v - 2*v + 6 - 3*v - 4 + v**2. Suppose -y = -16*c + 15*c + 5, 3*y - 57 = -5*c. Calculate the remainder when 30 is divided by l(c).
8
Let v be (187/68)/((-2)/(-8)). Suppose 2*s - v = -5*a, 3*s - 12*a + 8*a = 28. Calculate the remainder when -2*(-5)/(-4)*-22 is divided by s.
7
Suppose -15387*v + 144 = -15363*v. Let n = -65 + 100. Let c = n - -18. Calculate the remainder when c is divided by v.
5
Let t be 195/10 - 1/2. Let g = t + 59. Calculate the remainder when (3/1)/(9/g) is divided by 9.
8
Suppose -29 - 16 = -3*p. Let j(g) = -135*g - 28974. Calculate the remainder when j(-215) is divided by p.
6
Let q(v) = v**2 - 13*v - 31. Suppose 23*n - 20*n = -3, 3*n + 450 = 3*x. Calculate the remainder when x is divided by q(16).
13
Let l = -91 + 112. Suppose -3*i + l = q, 2*q - 3*q = -3*i - 51. What is the remainder when 98 is divided by q?
26
Let b = 15 - -2. Suppose -t - 41 = 11*o - 93, -56 = -2*t + 2*o. Calculate the remainder when t is divided by b.
13
Suppose -88*r = -92*r + 116. Suppose 19*g + 1590 = r*g. Calculate the remainder when g is divided by 40.
39
Suppose 2*u + 4*z - 110 = 0, -29*z + 34*z = -u + 67. Calculate the remainder when 103 is divided by u.
9
Let p = -11184 - -11322. Calculate the remainder when 208 is divided by p.
70
Let o = 53 - 29. Suppose 6*n - 36 = 2*n. Calculate the remainder when n is divided by (o/40)/((-1)/(-10)).
3
Let k(f) = f**2 - 36*f + 286. Suppose -2*x + 119 = 39. Suppose -4*d - x = -4*q, -2*q + 3 = 2*d - 1. Calculate the remainder when k(25) is divided by q.
5
What is the remainder when 18/((-162)/(-15219)) + 7 is divided by 34?
32
Let j(h) = h**2 + 22*h + 25. Suppose -5*y - 5 = -35. Suppose 13*k = y*k - 147. What is the remainder when 19 is divided by j(k)?
3
Let t(p) = 12*p**2 + 91*p + 146. Let n(z) = 5*z**2 + 45*z + 73. Let u(v) = 5*n(v) - 2*t(v). Calculate the remainder when u(-46) is divided by 12.
7
Suppose 3332*c - 492 = 3320*c. Suppose 0 = -4*l + 283 + 33. What is the remainder when l is divided by c?
38
Let p(i) = -5*i**2 + 3*i + 7. Let m(c) = -4*c**2 + 2*c + 6. Let o(w) = 6*m(w) - 5*p(w). Let v = 1770 + -1686. What is the remainder when v is divided by o(-4)?
26
Let k(x) = 13*x + 5. Let w be k(0). Suppose 75 = w*z + n - 6*n, 4*n + 43 = 3*z. Suppose -i + 20 = 4*i. What is the remainder when z is divided by i?
1
What is the remainder when (-12)/30*-20 - (9 + -337) is divided by 38?
32
Let r(g) = 7*g + 13. Let f be r(-7). Let v(o) = -55*o + 107. Let n be v(7). Calculate the remainder when 247 is divided by n/(-9) + (8/f)/(-2).
30
Let n = -5237 + 5251. What is the remainder when 62 is divided by n?
6
Suppose -4*a + 68 = 4*s, -67 = -3*a - 82. What is the remainder when 2099 is divided by s?
9
Let u = 74 - 84. Let l = u - 5. Let w = -4 - l. What is the remainder when 86 is divided by w?
9
Suppose -27 = 3*x - 3*v, -2*v + 3*v + 19 = -3*x. Let r(q) = -q**3 - 9*q**2 - 16*q + 10. What is the remainder when 113 is divided by r(x)?
17
Let g(a) = 13*a**2 - 44*a - 174. What is the remainder when g(-4) is divided by 194?
16
Let y be 0*((-54)/(-12) - 5) - -3. Suppose -3*v - 3*b + 96 = 0, -2*v = y*b - 70 + 6. Calculate the remainder when 191 is divided by v.
31
Suppose -1977 = -43*b + 302. What is the remainder when b is divided by 97/11 + 8/44?
8
Let q(b) = 14*b**2 - 14*b + 